{"id":11,"date":"2026-01-06T14:47:04","date_gmt":"2026-01-06T14:47:04","guid":{"rendered":"http:\/\/192.168.30.200:8091\/?page_id=11"},"modified":"2026-02-01T19:51:46","modified_gmt":"2026-02-01T18:51:46","slug":"huvudsida","status":"publish","type":"page","link":"https:\/\/linusn.net\/","title":{"rendered":"Huvudsida"},"content":{"rendered":"\n<div class=\"wp-block-columns is-layout-flex wp-container-core-columns-is-layout-28f84493 wp-block-columns-is-layout-flex\">\n<div class=\"wp-block-column is-layout-flow wp-block-column-is-layout-flow\">\n<figure class=\"wp-block-image size-full is-resized\"><img loading=\"lazy\" decoding=\"async\" width=\"503\" height=\"204\" src=\"http:\/\/linusn.net\/wp-content\/uploads\/2026\/01\/rect57591.png\" alt=\"\" class=\"wp-image-6\" style=\"width:407px;height:auto\" srcset=\"https:\/\/linusn.net\/wp-content\/uploads\/2026\/01\/rect57591.png 503w, https:\/\/linusn.net\/wp-content\/uploads\/2026\/01\/rect57591-300x122.png 300w\" sizes=\"auto, (max-width: 503px) 100vw, 503px\" \/><\/figure>\n<\/div>\n\n\n\n<div class=\"wp-block-column is-layout-flow wp-block-column-is-layout-flow\">\n<p>Enskild firma som arbetar med konsultverksamhet inom automationsteknik, elektronikutveckling, PC-programmering, m\u00e4tteknik, maskins\u00e4kerhet, marinteknik, enklare konstruktion med mera.<\/p>\n\n\n\n<p>Jag arbetar med och beh\u00e4rskar alla discipliner sj\u00e4lv vilket inneb\u00e4r att det inte kr\u00e4vs en hel panel av konsulter f\u00f6r att n\u00e5 resultat. H\u00f6r av dig med din f\u00f6rfr\u00e5gan via kontaktformul\u00e4ret!<\/p>\n<\/div>\n<\/div>\n\n\n\n<div class=\"wp-block-columns is-layout-flex wp-container-core-columns-is-layout-28f84493 wp-block-columns-is-layout-flex\">\n<div class=\"wp-block-column is-layout-flow wp-block-column-is-layout-flow\">\n<h5 class=\"wp-block-heading\">Projekt &#8211; Varvtalsregulator<\/h5>\n\n\n\n<div class=\"wp-block-media-text is-stacked-on-mobile\"><figure class=\"wp-block-media-text__media\"><img loading=\"lazy\" decoding=\"async\" width=\"500\" height=\"303\" src=\"http:\/\/linusn.net\/wp-content\/uploads\/2026\/01\/bogserbattom.jpg\" alt=\"\" class=\"wp-image-84 size-full\" srcset=\"https:\/\/linusn.net\/wp-content\/uploads\/2026\/01\/bogserbattom.jpg 500w, https:\/\/linusn.net\/wp-content\/uploads\/2026\/01\/bogserbattom-300x182.jpg 300w\" sizes=\"auto, (max-width: 500px) 100vw, 500px\" \/><\/figure><div class=\"wp-block-media-text__content\">\n<p>Varvtalsregulator f\u00f6r motorer med elektroniskt gasreglage. Anpassningsbar f\u00f6r m\u00e5nga motorer.<\/p>\n\n\n\n<div class=\"wp-block-buttons is-layout-flex wp-block-buttons-is-layout-flex\">\n<div class=\"wp-block-button\"><a class=\"wp-block-button__link wp-element-button\" href=\"https:\/\/linusn.net\/?page_id=83\">L\u00e4s mer&#8230;<\/a><\/div>\n<\/div>\n<\/div><\/div>\n<\/div>\n\n\n\n<div class=\"wp-block-column is-layout-flow wp-block-column-is-layout-flow\">\n<h5 class=\"wp-block-heading\">Projekt &#8211; Balanseringsmaskin<\/h5>\n\n\n\n<h6 class=\"wp-block-heading\">Uppgradering av balanseringsmaskin<\/h6>\n\n\n\n<p>Ett f\u00f6retag som har egen tillverkning av elmotorer beh\u00f6vde uppdatera\/rusta upp sin balanseringsmaskin.<\/p>\n\n\n\n<figure class=\"wp-block-image size-full\"><img loading=\"lazy\" decoding=\"async\" width=\"1024\" height=\"567\" src=\"http:\/\/linusn.net\/wp-content\/uploads\/2026\/01\/balancer1.png\" alt=\"\" class=\"wp-image-105\" srcset=\"https:\/\/linusn.net\/wp-content\/uploads\/2026\/01\/balancer1.png 1024w, https:\/\/linusn.net\/wp-content\/uploads\/2026\/01\/balancer1-300x166.png 300w, https:\/\/linusn.net\/wp-content\/uploads\/2026\/01\/balancer1-768x425.png 768w\" sizes=\"auto, (max-width: 1024px) 100vw, 1024px\" \/><\/figure>\n\n\n\n<div class=\"wp-block-buttons is-layout-flex wp-block-buttons-is-layout-flex\">\n<div class=\"wp-block-button\"><a class=\"wp-block-button__link wp-element-button\" href=\"https:\/\/linusn.net\/?page_id=109\">L\u00e4s mer&#8230;<\/a><\/div>\n<\/div>\n<\/div>\n\n\n\n<div class=\"wp-block-column is-layout-flow wp-block-column-is-layout-flow\">\n<h5 class=\"wp-block-heading\">Projekt &#8211; Buffertmatare<\/h5>\n\n\n\n<h6 class=\"wp-block-heading\">Buffertmatare f\u00f6r robotcell<\/h6>\n\n\n\n<p>Konstruktion av buffertmatare f\u00f6r robotcell.<\/p>\n\n\n\n<figure class=\"wp-block-image size-full is-resized\"><img loading=\"lazy\" decoding=\"async\" width=\"678\" height=\"749\" src=\"http:\/\/linusn.net\/wp-content\/uploads\/2026\/01\/Capture.png\" alt=\"\" class=\"wp-image-123\" style=\"aspect-ratio:0.9052271950802869;width:331px;height:auto\" srcset=\"https:\/\/linusn.net\/wp-content\/uploads\/2026\/01\/Capture.png 678w, https:\/\/linusn.net\/wp-content\/uploads\/2026\/01\/Capture-272x300.png 272w\" sizes=\"auto, (max-width: 678px) 100vw, 678px\" \/><\/figure>\n\n\n\n<div class=\"wp-block-buttons is-layout-flex wp-block-buttons-is-layout-flex\">\n<div class=\"wp-block-button\"><a class=\"wp-block-button__link wp-element-button\" href=\"https:\/\/linusn.net\/?page_id=119\">L\u00e4s mer&#8230;<\/a><\/div>\n<\/div>\n<\/div>\n<\/div>\n\n\n\n<p><\/p>\n","protected":false},"excerpt":{"rendered":"<p>Enskild firma som arbetar med konsultverksamhet inom automationsteknik, elektronikutveckling, PC-programmering, m\u00e4tteknik, maskins\u00e4kerhet, marinteknik, enklare konstruktion med mera. Jag arbetar med och beh\u00e4rskar alla discipliner sj\u00e4lv vilket inneb\u00e4r att det inte kr\u00e4vs en hel panel av konsulter f\u00f6r att n\u00e5 resultat. H\u00f6r av dig med din f\u00f6rfr\u00e5gan via kontaktformul\u00e4ret! Projekt &#8211; Varvtalsregulator Varvtalsregulator f\u00f6r motorer med [&hellip;]<\/p>\n","protected":false},"author":1,"featured_media":0,"parent":0,"menu_order":0,"comment_status":"closed","ping_status":"closed","template":"","meta":{"footnotes":""},"class_list":["post-11","page","type-page","status-publish","hentry"],"blocksy_meta":[],"_links":{"self":[{"href":"https:\/\/linusn.net\/index.php?rest_route=\/wp\/v2\/pages\/11","targetHints":{"allow":["GET"]}}],"collection":[{"href":"https:\/\/linusn.net\/index.php?rest_route=\/wp\/v2\/pages"}],"about":[{"href":"https:\/\/linusn.net\/index.php?rest_route=\/wp\/v2\/types\/page"}],"author":[{"embeddable":true,"href":"https:\/\/linusn.net\/index.php?rest_route=\/wp\/v2\/users\/1"}],"replies":[{"embeddable":true,"href":"https:\/\/linusn.net\/index.php?rest_route=%2Fwp%2Fv2%2Fcomments&post=11"}],"version-history":[{"count":16,"href":"https:\/\/linusn.net\/index.php?rest_route=\/wp\/v2\/pages\/11\/revisions"}],"predecessor-version":[{"id":196,"href":"https:\/\/linusn.net\/index.php?rest_route=\/wp\/v2\/pages\/11\/revisions\/196"}],"wp:attachment":[{"href":"https:\/\/linusn.net\/index.php?rest_route=%2Fwp%2Fv2%2Fmedia&parent=11"}],"curies":[{"name":"wp","href":"https:\/\/api.w.org\/{rel}","templated":true}]}}