{"id":109,"date":"2026-01-07T17:46:35","date_gmt":"2026-01-07T16:46:35","guid":{"rendered":"http:\/\/192.168.30.200:8091\/?page_id=109"},"modified":"2026-01-07T17:46:58","modified_gmt":"2026-01-07T16:46:58","slug":"balanseringsmaskin","status":"publish","type":"page","link":"https:\/\/linusn.net\/?page_id=109","title":{"rendered":"Balanseringsmaskin"},"content":{"rendered":"\n<h2 class=\"wp-block-heading\">Balanseringsmaskin<\/h2>\n\n\n\n<div class=\"wp-block-columns is-layout-flex wp-container-core-columns-is-layout-28f84493 wp-block-columns-is-layout-flex\">\n<div class=\"wp-block-column is-layout-flow wp-block-column-is-layout-flow\">\n<p>Ett f\u00f6retag med egen tillverkning av elmotorer, som \u00e4r en komponent i deras slutprodukt, hade behov av att rusta upp sin balanseringsmaskin f\u00f6r motordelar.<\/p>\n\n\n\n<p>Balanseringmaskinen hade fr\u00e5n b\u00f6rjan ingen automation, utan detta (laddning\/urladdning, kompenseringsborrning etc) \u00e4r n\u00e5got som deras ordinarie automationsfirma byggt till. Sj\u00e4lva balanseringsmaskinen b\u00f6rjade bli lite till \u00e5ren och presterade s\u00e4mre och s\u00e4mre. Motordelar fick ofta kasseras d\u00e5 maskinen misslyckats med att balansera dem korrekt.<\/p>\n\n\n\n<p>Ett alternativ hade varit att k\u00f6pa en ny maskin, varp\u00e5 man hade tvingats anpassa all kringliggande automation efter denna. Alternativ tv\u00e5 var att rusta upp befintlig maskin.<\/p>\n<\/div>\n\n\n\n<div class=\"wp-block-column is-layout-flow wp-block-column-is-layout-flow\">\n<p>I samr\u00e5d med dem, samt med f\u00f6retagets ordinarie automationskonsult tog jag fram f\u00f6ljande l\u00f6sning:<\/p>\n\n\n\n<ul class=\"wp-block-list\">\n<li>Nya piezoelektriska kraftgivare inkl m\u00e4tf\u00f6rst\u00e4rkare fr\u00e5n Kistler.<\/li>\n\n\n\n<li>Nytt m\u00e4tsystem fr\u00e5n National Instruments.<\/li>\n\n\n\n<li>Specialgjorda adaptrar f\u00f6r kraftgivarna, f\u00f6r montering p\u00e5 befintlig maskin.<\/li>\n\n\n\n<li>Elscheman f\u00f6r inkoppling av m\u00e4tsystem, givare, encoder etc.<\/li>\n\n\n\n<li>PC-baserad mjukvara som utf\u00f6r erforderliga ber\u00e4kningar och kommunicerar resultaten till maskinens PLC.<\/li>\n\n\n\n<li>Manual f\u00f6r inkoppling, installationsmanual f\u00f6r PC och \u00f6vrig dokumentation.<\/li>\n<\/ul>\n\n\n\n<p>M\u00e5let med maskinen var att n\u00e5 under 1 gram obalans. Med facit p\u00e5 hand n\u00e5r maskinen l\u00e4tt under 0,3 gram. PC-mjukvaran som g\u00f6r ber\u00e4kningarna arbetar problemfritt och extremt f\u00e5 rotorer beh\u00f6ver kasseras pga kvarst\u00e5ende fel (finns kvarst\u00e5ende fel s\u00e5 beror detta i regel p\u00e5 tillverkningsfel p\u00e5 delen).<\/p>\n<\/div>\n<\/div>\n\n\n\n<figure class=\"wp-block-gallery has-nested-images columns-default is-cropped wp-block-gallery-1 is-layout-flex wp-block-gallery-is-layout-flex\">\n<figure class=\"wp-block-image size-large\"><img loading=\"lazy\" decoding=\"async\" width=\"805\" height=\"550\" data-id=\"112\" src=\"http:\/\/linusn.net\/wp-content\/uploads\/2026\/01\/balancer3.png\" alt=\"\" class=\"wp-image-112\" srcset=\"https:\/\/linusn.net\/wp-content\/uploads\/2026\/01\/balancer3.png 805w, https:\/\/linusn.net\/wp-content\/uploads\/2026\/01\/balancer3-300x205.png 300w, https:\/\/linusn.net\/wp-content\/uploads\/2026\/01\/balancer3-768x525.png 768w\" sizes=\"auto, (max-width: 805px) 100vw, 805px\" \/><\/figure>\n\n\n\n<figure class=\"wp-block-image size-large\"><img loading=\"lazy\" decoding=\"async\" width=\"1024\" height=\"567\" data-id=\"111\" src=\"http:\/\/linusn.net\/wp-content\/uploads\/2026\/01\/balancer1-1.png\" alt=\"\" class=\"wp-image-111\" srcset=\"https:\/\/linusn.net\/wp-content\/uploads\/2026\/01\/balancer1-1.png 1024w, https:\/\/linusn.net\/wp-content\/uploads\/2026\/01\/balancer1-1-300x166.png 300w, https:\/\/linusn.net\/wp-content\/uploads\/2026\/01\/balancer1-1-768x425.png 768w\" sizes=\"auto, (max-width: 1024px) 100vw, 1024px\" \/><\/figure>\n\n\n\n<figure class=\"wp-block-image size-large\"><img loading=\"lazy\" decoding=\"async\" width=\"720\" height=\"614\" data-id=\"110\" src=\"http:\/\/linusn.net\/wp-content\/uploads\/2026\/01\/balancer2-2.png\" alt=\"\" class=\"wp-image-110\" srcset=\"https:\/\/linusn.net\/wp-content\/uploads\/2026\/01\/balancer2-2.png 720w, https:\/\/linusn.net\/wp-content\/uploads\/2026\/01\/balancer2-2-300x256.png 300w\" sizes=\"auto, (max-width: 720px) 100vw, 720px\" \/><\/figure>\n\n\n\n<figure class=\"wp-block-image size-large\"><img loading=\"lazy\" decoding=\"async\" width=\"500\" height=\"500\" data-id=\"113\" src=\"http:\/\/linusn.net\/wp-content\/uploads\/2026\/01\/balancer5.png\" alt=\"\" class=\"wp-image-113\" srcset=\"https:\/\/linusn.net\/wp-content\/uploads\/2026\/01\/balancer5.png 500w, https:\/\/linusn.net\/wp-content\/uploads\/2026\/01\/balancer5-300x300.png 300w, https:\/\/linusn.net\/wp-content\/uploads\/2026\/01\/balancer5-150x150.png 150w\" sizes=\"auto, (max-width: 500px) 100vw, 500px\" \/><\/figure>\n\n\n\n<figure class=\"wp-block-image size-large\"><img loading=\"lazy\" decoding=\"async\" width=\"516\" height=\"314\" data-id=\"114\" src=\"http:\/\/linusn.net\/wp-content\/uploads\/2026\/01\/balancer4.png\" alt=\"\" class=\"wp-image-114\" srcset=\"https:\/\/linusn.net\/wp-content\/uploads\/2026\/01\/balancer4.png 516w, https:\/\/linusn.net\/wp-content\/uploads\/2026\/01\/balancer4-300x183.png 300w\" sizes=\"auto, (max-width: 516px) 100vw, 516px\" \/><\/figure>\n<\/figure>\n\n\n\n<p><\/p>\n","protected":false},"excerpt":{"rendered":"<p>Balanseringsmaskin Ett f\u00f6retag med egen tillverkning av elmotorer, som \u00e4r en komponent i deras slutprodukt, hade behov av att rusta upp sin balanseringsmaskin f\u00f6r motordelar. Balanseringmaskinen hade fr\u00e5n b\u00f6rjan ingen automation, utan detta (laddning\/urladdning, kompenseringsborrning etc) \u00e4r n\u00e5got som deras ordinarie automationsfirma byggt till. Sj\u00e4lva balanseringsmaskinen b\u00f6rjade bli lite till \u00e5ren och presterade s\u00e4mre och [&hellip;]<\/p>\n","protected":false},"author":1,"featured_media":0,"parent":0,"menu_order":0,"comment_status":"closed","ping_status":"closed","template":"","meta":{"footnotes":""},"class_list":["post-109","page","type-page","status-publish","hentry"],"blocksy_meta":[],"_links":{"self":[{"href":"https:\/\/linusn.net\/index.php?rest_route=\/wp\/v2\/pages\/109","targetHints":{"allow":["GET"]}}],"collection":[{"href":"https:\/\/linusn.net\/index.php?rest_route=\/wp\/v2\/pages"}],"about":[{"href":"https:\/\/linusn.net\/index.php?rest_route=\/wp\/v2\/types\/page"}],"author":[{"embeddable":true,"href":"https:\/\/linusn.net\/index.php?rest_route=\/wp\/v2\/users\/1"}],"replies":[{"embeddable":true,"href":"https:\/\/linusn.net\/index.php?rest_route=%2Fwp%2Fv2%2Fcomments&post=109"}],"version-history":[{"count":2,"href":"https:\/\/linusn.net\/index.php?rest_route=\/wp\/v2\/pages\/109\/revisions"}],"predecessor-version":[{"id":116,"href":"https:\/\/linusn.net\/index.php?rest_route=\/wp\/v2\/pages\/109\/revisions\/116"}],"wp:attachment":[{"href":"https:\/\/linusn.net\/index.php?rest_route=%2Fwp%2Fv2%2Fmedia&parent=109"}],"curies":[{"name":"wp","href":"https:\/\/api.w.org\/{rel}","templated":true}]}}